{"id":8,"date":"2025-06-16T11:52:07","date_gmt":"2025-06-16T09:52:07","guid":{"rendered":"http:\/\/iesa.sapikdesign.com\/mcdoa2\/francesca\/?page_id=8"},"modified":"2025-07-08T17:36:39","modified_gmt":"2025-07-08T15:36:39","slug":"a-propos","status":"publish","type":"page","link":"https:\/\/iesa.sapikdesign.com\/mcdoa2\/francesca\/a-propos\/","title":{"rendered":"\u00c0 propos"},"content":{"rendered":"\t\t<div data-elementor-type=\"wp-page\" data-elementor-id=\"8\" class=\"elementor elementor-8\">\n\t\t\t\t<div class=\"elementor-element elementor-element-79d0b76 e-flex e-con-boxed e-con e-parent\" data-id=\"79d0b76\" data-element_type=\"container\">\n\t\t\t\t\t<div class=\"e-con-inner\">\n\t\t\t\t<div class=\"elementor-element elementor-element-707ee6f elementor-widget elementor-widget-spacer\" data-id=\"707ee6f\" data-element_type=\"widget\" data-widget_type=\"spacer.default\">\n\t\t\t\t<div class=\"elementor-widget-container\">\n\t\t\t\t\t\t\t<div class=\"elementor-spacer\">\n\t\t\t<div class=\"elementor-spacer-inner\"><\/div>\n\t\t<\/div>\n\t\t\t\t\t\t<\/div>\n\t\t\t\t<\/div>\n\t\t\t\t\t<\/div>\n\t\t\t\t<\/div>\n\t\t<div class=\"elementor-element elementor-element-94aa8f2 e-flex e-con-boxed e-con e-parent\" data-id=\"94aa8f2\" data-element_type=\"container\">\n\t\t\t\t\t<div class=\"e-con-inner\">\n\t\t<div class=\"elementor-element elementor-element-52d1c57 e-con-full e-flex e-con e-child\" data-id=\"52d1c57\" data-element_type=\"container\">\n\t\t\t\t<div class=\"elementor-element elementor-element-35ac8ed elementor-widget elementor-widget-text-editor\" data-id=\"35ac8ed\" data-element_type=\"widget\" data-widget_type=\"text-editor.default\">\n\t\t\t\t<div class=\"elementor-widget-container\">\n\t\t\t\t\t\t\t\t\t<p data-start=\"139\" data-end=\"525\">Je suis une commissaire d&rsquo;exposition \u00e9mergente dont la pratique s&rsquo;articule autour des enjeux de genre, de la place des femmes dans l\u2019art et des probl\u00e9matiques \u00e9cologiques. Mon objectif est de cr\u00e9er des espaces d\u2019exp\u00e9rimentation et de r\u00e9flexion o\u00f9 les artistes peuvent d\u00e9velopper des projets qui interrogent les r\u00e9alit\u00e9s contemporaines et proposent de nouvelles formes d\u2019engagement.<\/p><p data-start=\"527\" data-end=\"815\">Actuellement en formation en commissariat d&rsquo;exposition, je terminerai mes \u00e9tudes en juillet. Italienne d\u2019origine, je vis \u00e0 Paris depuis deux ans et demi, une ville qui a profond\u00e9ment nourri ma r\u00e9flexion curatoriale et renforc\u00e9 ma volont\u00e9 d\u2019\u00e9voluer dans le secteur de l\u2019art contemporain.<\/p><p data-start=\"817\" data-end=\"1097\">Mon exp\u00e9rience dans le secteur culturel est diversifi\u00e9e : j\u2019ai travaill\u00e9 en galerie ainsi que dans la logistique des \u0153uvres d\u2019art. Aujourd\u2019hui, j\u2019occupe un poste d\u2019assistante de projets et de m\u00e9diation \u00e0 la Fondation Franc\u00e8s, tout en d\u00e9veloppant mes propres projets curatoriaux.<\/p><p data-start=\"1099\" data-end=\"1355\">Ayant v\u00e9cu et travaill\u00e9 \u00e0 Milan, Londres et Paris, j\u2019ai acquis une vision internationale des \u00e9changes artistiques, qui constitue un atout essentiel dans ma pratique curatoriale et dans ma mani\u00e8re d\u2019aborder les dialogues entre artistes et institutions.<\/p>\t\t\t\t\t\t\t\t<\/div>\n\t\t\t\t<\/div>\n\t\t\t\t<\/div>\n\t\t<div class=\"elementor-element elementor-element-6960bd5 e-con-full e-flex e-con e-child\" data-id=\"6960bd5\" data-element_type=\"container\">\n\t\t\t\t<div class=\"elementor-element elementor-element-def4dc3 elementor-widget elementor-widget-image\" data-id=\"def4dc3\" data-element_type=\"widget\" data-widget_type=\"image.default\">\n\t\t\t\t<div class=\"elementor-widget-container\">\n\t\t\t\t\t\t\t\t\t\t\t\t\t\t\t<img fetchpriority=\"high\" decoding=\"async\" width=\"768\" height=\"1024\" src=\"https:\/\/iesa.sapikdesign.com\/mcdoa2\/francesca\/wp-content\/uploads\/2025\/07\/IMG-20240420-WA0026-768x1024.jpg\" class=\"attachment-large size-large wp-image-158\" alt=\"img 20240420 wa0026\" srcset=\"https:\/\/iesa.sapikdesign.com\/mcdoa2\/francesca\/wp-content\/uploads\/2025\/07\/IMG-20240420-WA0026-768x1024.jpg 768w, https:\/\/iesa.sapikdesign.com\/mcdoa2\/francesca\/wp-content\/uploads\/2025\/07\/IMG-20240420-WA0026-225x300.jpg 225w, https:\/\/iesa.sapikdesign.com\/mcdoa2\/francesca\/wp-content\/uploads\/2025\/07\/IMG-20240420-WA0026-1152x1536.jpg 1152w, https:\/\/iesa.sapikdesign.com\/mcdoa2\/francesca\/wp-content\/uploads\/2025\/07\/IMG-20240420-WA0026-600x800.jpg 600w, https:\/\/iesa.sapikdesign.com\/mcdoa2\/francesca\/wp-content\/uploads\/2025\/07\/IMG-20240420-WA0026.jpg 1200w\" sizes=\"(max-width: 768px) 100vw, 768px\" \/>\t\t\t\t\t\t\t\t\t\t\t\t\t\t\t<\/div>\n\t\t\t\t<\/div>\n\t\t\t\t<div class=\"elementor-element elementor-element-7c847b9 elementor-align-center elementor-widget elementor-widget-button\" data-id=\"7c847b9\" data-element_type=\"widget\" data-widget_type=\"button.default\">\n\t\t\t\t<div class=\"elementor-widget-container\">\n\t\t\t\t\t\t\t\t\t<div class=\"elementor-button-wrapper\">\n\t\t\t\t\t<a class=\"elementor-button elementor-button-link elementor-size-sm\" href=\"http:\/\/iesa.sapikdesign.com\/mcdoa2\/francesca\/wp-content\/uploads\/2025\/07\/CV-Francesca-Rozzi.pdf\">\n\t\t\t\t\t\t<span class=\"elementor-button-content-wrapper\">\n\t\t\t\t\t\t\t\t\t<span class=\"elementor-button-text\">Mon CV<\/span>\n\t\t\t\t\t<\/span>\n\t\t\t\t\t<\/a>\n\t\t\t\t<\/div>\n\t\t\t\t\t\t\t\t<\/div>\n\t\t\t\t<\/div>\n\t\t\t\t<\/div>\n\t\t\t\t\t<\/div>\n\t\t\t\t<\/div>\n\t\t\t\t<\/div>\n\t\t","protected":false},"excerpt":{"rendered":"<p>Je suis une commissaire d&rsquo;exposition \u00e9mergente dont la pratique s&rsquo;articule autour des enjeux de genre, de la place des femmes dans l\u2019art et des probl\u00e9matiques \u00e9cologiques. Mon objectif est de cr\u00e9er des espaces d\u2019exp\u00e9rimentation et de r\u00e9flexion o\u00f9 les artistes peuvent d\u00e9velopper des projets qui interrogent les r\u00e9alit\u00e9s contemporaines et proposent de nouvelles formes d\u2019engagement. [&hellip;]<\/p>\n","protected":false},"author":1,"featured_media":0,"parent":0,"menu_order":0,"comment_status":"closed","ping_status":"closed","template":"","meta":{"footnotes":""},"class_list":["post-8","page","type-page","status-publish","hentry"],"aioseo_notices":[],"_links":{"self":[{"href":"https:\/\/iesa.sapikdesign.com\/mcdoa2\/francesca\/wp-json\/wp\/v2\/pages\/8","targetHints":{"allow":["GET"]}}],"collection":[{"href":"https:\/\/iesa.sapikdesign.com\/mcdoa2\/francesca\/wp-json\/wp\/v2\/pages"}],"about":[{"href":"https:\/\/iesa.sapikdesign.com\/mcdoa2\/francesca\/wp-json\/wp\/v2\/types\/page"}],"author":[{"embeddable":true,"href":"https:\/\/iesa.sapikdesign.com\/mcdoa2\/francesca\/wp-json\/wp\/v2\/users\/1"}],"replies":[{"embeddable":true,"href":"https:\/\/iesa.sapikdesign.com\/mcdoa2\/francesca\/wp-json\/wp\/v2\/comments?post=8"}],"version-history":[{"count":13,"href":"https:\/\/iesa.sapikdesign.com\/mcdoa2\/francesca\/wp-json\/wp\/v2\/pages\/8\/revisions"}],"predecessor-version":[{"id":360,"href":"https:\/\/iesa.sapikdesign.com\/mcdoa2\/francesca\/wp-json\/wp\/v2\/pages\/8\/revisions\/360"}],"wp:attachment":[{"href":"https:\/\/iesa.sapikdesign.com\/mcdoa2\/francesca\/wp-json\/wp\/v2\/media?parent=8"}],"curies":[{"name":"wp","href":"https:\/\/api.w.org\/{rel}","templated":true}]}}

À propos

<div data-elementor-type="wp-page" data-elementor-id="8" class="elementor elementor-8">
				<div class="elementor-element elementor-element-79d0b76 e-flex e-con-boxed e-con e-parent" data-id="79d0b76" data-element_type="container">
					<div class="e-con-inner">
				<div class="elementor-element elementor-element-707ee6f elementor-widget elementor-widget-spacer" data-id="707ee6f" data-element_type="widget" data-widget_type="spacer.default">
				<div class="elementor-widget-container">
							<div class="elementor-spacer">
			<div class="elementor-spacer-inner"></div>
		</div>
						</div>
				</div>
					</div>
				</div>
		<div class="elementor-element elementor-element-94aa8f2 e-flex e-con-boxed e-con e-parent" data-id="94aa8f2" data-element_type="container">
					<div class="e-con-inner">
		<div class="elementor-element elementor-element-52d1c57 e-con-full e-flex e-con e-child" data-id="52d1c57" data-element_type="container">
				<div class="elementor-element elementor-element-35ac8ed elementor-widget elementor-widget-text-editor" data-id="35ac8ed" data-element_type="widget" data-widget_type="text-editor.default">
				<div class="elementor-widget-container">
									<p data-start="139" data-end="525">Je suis une commissaire d&rsquo;exposition émergente dont la pratique s&rsquo;articule autour des enjeux de genre, de la place des femmes dans l’art et des problématiques écologiques. Mon objectif est de créer des espaces d’expérimentation et de réflexion où les artistes peuvent développer des projets qui interrogent les réalités contemporaines et proposent de nouvelles formes d’engagement.</p><p data-start="527" data-end="815">Actuellement en formation en commissariat d&rsquo;exposition, je terminerai mes études en juillet. Italienne d’origine, je vis à Paris depuis deux ans et demi, une ville qui a profondément nourri ma réflexion curatoriale et renforcé ma volonté d’évoluer dans le secteur de l’art contemporain.</p><p data-start="817" data-end="1097">Mon expérience dans le secteur culturel est diversifiée : j’ai travaillé en galerie ainsi que dans la logistique des œuvres d’art. Aujourd’hui, j’occupe un poste d’assistante de projets et de médiation à la Fondation Francès, tout en développant mes propres projets curatoriaux.</p><p data-start="1099" data-end="1355">Ayant vécu et travaillé à Milan, Londres et Paris, j’ai acquis une vision internationale des échanges artistiques, qui constitue un atout essentiel dans ma pratique curatoriale et dans ma manière d’aborder les dialogues entre artistes et institutions.</p>								</div>
				</div>
				</div>
		<div class="elementor-element elementor-element-6960bd5 e-con-full e-flex e-con e-child" data-id="6960bd5" data-element_type="container">
				<div class="elementor-element elementor-element-def4dc3 elementor-widget elementor-widget-image" data-id="def4dc3" data-element_type="widget" data-widget_type="image.default">
				<div class="elementor-widget-container">
															<img fetchpriority="high" decoding="async" width="768" height="1024" src="https://iesa.sapikdesign.com/mcdoa2/francesca/wp-content/uploads/2025/07/IMG-20240420-WA0026-768x1024.jpg" class="attachment-large size-large wp-image-158" alt="img 20240420 wa0026" srcset="https://iesa.sapikdesign.com/mcdoa2/francesca/wp-content/uploads/2025/07/IMG-20240420-WA0026-768x1024.jpg 768w, https://iesa.sapikdesign.com/mcdoa2/francesca/wp-content/uploads/2025/07/IMG-20240420-WA0026-225x300.jpg 225w, https://iesa.sapikdesign.com/mcdoa2/francesca/wp-content/uploads/2025/07/IMG-20240420-WA0026-1152x1536.jpg 1152w, https://iesa.sapikdesign.com/mcdoa2/francesca/wp-content/uploads/2025/07/IMG-20240420-WA0026-600x800.jpg 600w, https://iesa.sapikdesign.com/mcdoa2/francesca/wp-content/uploads/2025/07/IMG-20240420-WA0026.jpg 1200w" sizes="(max-width: 768px) 100vw, 768px" />															</div>
				</div>
				<div class="elementor-element elementor-element-7c847b9 elementor-align-center elementor-widget elementor-widget-button" data-id="7c847b9" data-element_type="widget" data-widget_type="button.default">
				<div class="elementor-widget-container">
									<div class="elementor-button-wrapper">
					<a class="elementor-button elementor-button-link elementor-size-sm" href="http://iesa.sapikdesign.com/mcdoa2/francesca/wp-content/uploads/2025/07/CV-Francesca-Rozzi.pdf">
						<span class="elementor-button-content-wrapper">
									<span class="elementor-button-text">Mon CV</span>
					</span>
					</a>
				</div>
								</div>
				</div>
				</div>
					</div>
				</div>
				</div>

<p>Je suis une commissaire d&rsquo;exposition émergente dont la pratique s&rsquo;articule autour des enjeux de genre, de la place des femmes dans l’art et des problématiques écologiques. Mon objectif est de créer des espaces d’expérimentation et de réflexion où les artistes peuvent développer des projets qui interrogent les réalités contemporaines et proposent de nouvelles formes d’engagement. [&hellip;]</p>
